
9
What is the millions digit of 2375111091?
5
What is the ten millions digit of 146660573?
4
What is the thousands digit of 101414091?
4
What is the ten thousands digit of 143371449?
7
What is the ten thousands digit of 5258196643?
9
What is the units digit of 410757458?
8
What is the hundred thousands digit of 194236473?
2
What is the units digit of 228009248?
8
What is the ten thousands digit of 17470744?
7
What is the thousands digit of 108519219?
9
What is the hundreds digit of 191144300?
3
What is the ten thousands digit of 78182675?
8
What is the thousands digit of 14997351?
7
What is the hundreds digit of 13638024?
0
What is the hundreds digit of 38180136?
1
What is the hundred millions digit of 255767466?
2
What is the ten thousands digit of 250409566?
0
What is the thousands digit of 4413396632?
6
What is the hundred thousands digit of 205059558?
0
What is the hundreds digit of 284837257?
2
What is the ten millions digit of 1086908544?
8
What is the units digit of 4079288073?
3
What is the tens digit of 314079264?
6
What is the thousands digit of 5611071062?
1
What is the hundreds digit of 245210717?
7
What is the hundreds digit of 2246564788?
7
What is the units digit of 15315989?
9
What is the units digit of 832725049?
9
What is the hundred thousands digit of 2486792344?
7
What is the ten millions digit of 63389998?
6
What is the hundred thousands digit of 6659530699?
5
What is the hundred thousands digit of 3702103566?
1
What is the ten thousands digit of 55893708?
9
What is the ten millions digit of 128510196?
2
What is the hundreds digit of 37101134?
1
What is the units digit of 369799519?
9
What is the millions digit of 4893219364?
3
What is the ten millions digit of 273250356?
7
What is the ten millions digit of 117508847?
1
What is the ten millions digit of 197757600?
9
What is the ten thousands digit of 2988462033?
6
What is the millions digit of 2255918284?
5
What is the millions digit of 1469663797?
9
What is the tens digit of 597162904?
0
What is the ten millions digit of 5763513410?
6
What is the units digit of 188496024?
4
What is the units digit of 24703679?
9
What is the ten thousands digit of 15241259?
4
What is the hundred thousands digit of 18168627?
1
What is the ten thousands digit of 6720468?
2
What is the ten thousands digit of 825201992?
0
What is the millions digit of 214003573?
4
What is the hundred thousands digit of 1458947654?
9
What is the ten millions digit of 14691115?
1
What is the ten thousands digit of 2739589689?
8
What is the millions digit of 17360442?
7
What is the hundred thousands digit of 245395199?
3
What is the hundreds digit of 583437928?
9
What is the thousands digit of 84172242?
2
What is the millions digit of 2437010906?
7
What is the units digit of 8339414889?
9
What is the units digit of 209763080?
0
What is the hundreds digit of 9318314?
3
What is the ten thousands digit of 199538194?
3
What is the hundreds digit of 224920064?
0
What is the hundred millions digit of 5158116758?
1
What is the thousands digit of 754788455?
8
What is the hundred thousands digit of 22425865?
4
What is the ten millions digit of 5984467515?
8
What is the hundred thousands digit of 3641519812?
5
What is the thousands digit of 22417852?
7
What is the hundred millions digit of 961296870?
9
What is the ten thousands digit of 2620206703?
0
What is the tens digit of 70682552?
5
What is the hundred thousands digit of 1426263771?
2
What is the hundred thousands digit of 349157030?
1
What is the hundred thousands digit of 9724838?
7
What is the hundred millions digit of 651260160?
6
What is the units digit of 59594485?
5
What is the hundred thousands digit of 1565332965?
3
What is the hundred millions digit of 1150288270?
1
What is the thousands digit of 60510941?
0
What is the ten thousands digit of 45767406?
6
What is the hundred thousands digit of 81628032?
6
What is the hundred thousands digit of 39161259?
1
What is the thousands digit of 20913301?
3
What is the thousands digit of 1466796120?
6
What is the thousands digit of 136240322?
0
What is the thousands digit of 49243379?
3
What is the thousands digit of 667134?
7
What is the hundreds digit of 47231736?
7
What is the units digit of 373693758?
8
What is the ten thousands digit of 27944322?
4
What is the ten thousands digit of 131285826?
8
What is the thousands digit of 267665?
7
What is the units digit of 64753785?
5
What is the units digit of 1231110007?
7
What is the ten thousands digit of 787584900?
8
What is the hundred thousands digit of 155630366?
6
What is the millions digit of 1733993548?
3
What is the thousands digit of 2373290174?
0
What is the tens digit of 60778238?
3
What is the ten thousands digit of 129199401?
9
What is the hundreds digit of 4909184506?
5
What is the hundred thousands digit of 1861874892?
8
What is the thousands digit of 837181075?
1
What is the hundred millions digit of 115158511?
1
What is the hundred millions digit of 276931492?
2
What is the hundred millions digit of 102319936?
1
What is the ten millions digit of 98832476?
9
What is the hundred millions digit of 3582310673?
5
What is the hundred thousands digit of 14876103?
8
What is the millions digit of 357166411?
7
What is the hundreds digit of 35570639?
6
What is the ten thousands digit of 39110103?
1
What is the ten thousands digit of 61736558?
3
What is the thousands digit of 112219078?
9
What is the units digit of 734705944?
4
What is the ten millions digit of 198879426?
9
What is the ten millions digit of 17698307?
1
What is the hundred thousands digit of 19672978?
6
What is the thousands digit of 178825674?
5
What is the ten millions digit of 698653735?
9
What is the units digit of 26694169?
9
What is the ten thousands digit of 882974944?
7
What is the ten thousands digit of 33978438?
7
What is the thousands digit of 447214317?
4
What is the hundreds digit of 5161873859?
8
What is the hundred millions digit of 606649102?
6
What is the hundred thousands digit of 14890402?
8
What is the ten millions digit of 146140394?
4
What is the hundreds digit of 24678518?
5
What is the ten thousands digit of 40810232?
1
What is the millions digit of 101663516?
1
What is the ten millions digit of 58426497?
5
What is the hundreds digit of 436013724?
7
What is the thousands digit of 49408071?
8
What is the ten thousands digit of 16340174?
4
What is the tens digit of 8076658?
5
What is the hundred thousands digit of 340258949?
2
What is the hundreds digit of 1147316037?
0
What is the ten millions digit of 254629788?
5
What is the hundreds digit of 387891929?
9
What is the units digit of 100896666?
6
What is the ten millions digit of 8059629296?
5
What is the units digit of 40119299?
9
What is the units digit of 259022938?
8
What is the thousands digit of 147278281?
8
What is the ten thousands digit of 21483099?
8
What is the millions digit of 77569380?
7
What is the units digit of 103565885?
5
What is the hundreds digit of 1047646671?
6
What is the thousands digit of 43697472?
7
What is the hundred thousands digit of 857319861?
3
What is the ten millions digit of 112751853?
1
What is the thousands digit of 8533709?
3
What is the millions digit of 135588321?
5
What is the units digit of 526029520?
0
What is the ten millions digit of 1912978209?
1
What is the ten thousands digit of 2237381884?
8
What is the thousands digit of 3144109500?
9
What is the billions digit of 2973140561?
2
What is the ten millions digit of 354738023?
5
What is the hundreds digit of 292531829?
8
What is the hundred millions digit of 1359237138?
3
What is the hundred millions digit of 217007070?
2
What is the hundreds digit of 531405027?
0
What is the ten millions digit of 177872217?
7
What is the thousands digit of 67951134?
1
What is the thousands digit of 89598298?
8
What is the hundreds digit of 139810611?
6
What is the thousands digit of 2626905258?
5
What is the thousands digit of 963993227?
3
What is the tens digit of 38466860?
6
What is the thousands digit of 397553769?
3
What is the ten millions digit of 108896766?
0
What is the ten millions digit of 24325961?
2
What is the units digit of 268160072?
2
What is the hundreds digit of 85309680?
6
What is the hundreds digit of 46779690?
6
What is t